the units digit of 103446?
6
What is the ten thousands digit of 64255?
6
What is the hundreds digit of 19107?
1
What is the tens digit of 1413?
1
What is the tens digit of 18?
1
What is the units digit of 964?
4
What is the units digit of 461?
1
What is the tens digit of 59?
5
What is the units digit of 1562?
2
What is the hundreds digit of 30830?
8
What is the tens digit of 4429?
2
What is the hundreds digit of 6241?
2
What is the units digit of 359?
9
What is the tens digit of 10201?
0
What is the units digit of 3611?
1
What is the hundreds digit of 799?
7
What is the tens digit of 85192?
9
What is the units digit of 26728?
8
What is the hundreds digit of 4840?
8
What is the thousands digit of 159644?
9
What is the tens digit of 248?
4
What is the hundreds digit of 4307?
3
What is the tens digit of 21957?
5
What is the hundreds digit of 783?
7
What is the tens digit of 4236?
3
What is the ten thousands digit of 10243?
1
What is the thousands digit of 2100?
2
What is the tens digit of 104550?
5
What is the tens digit of 290?
9
What is the thousands digit of 1705?
1
What is the tens digit of 26935?
3
What is the tens digit of 3141?
4
What is the units digit of 2080?
0
What is the ten thousands digit of 60561?
6
What is the units digit of 606?
6
What is the thousands digit of 7729?
7
What is the units digit of 1202?
2
What is the hundreds digit of 19884?
8
What is the hundreds digit of 9239?
2
What is the thousands digit of 1309?
1
What is the hundreds digit of 3426?
4
What is the thousands digit of 72358?
2
What is the tens digit of 1487?
8
What is the tens digit of 22528?
2
What is the tens digit of 71?
7
What is the tens digit of 3242?
4
What is the thousands digit of 9066?
9
What is the ten thousands digit of 10020?
1
What is the units digit of 2582?
2
What is the hundreds digit of 46438?
4
What is the tens digit of 17407?
0
What is the units digit of 6244?
4
What is the hundreds digit of 2906?
9
What is the hundreds digit of 10612?
6
What is the tens digit of 27030?
3
What is the tens digit of 10?
1
What is the tens digit of 14382?
8
What is the thousands digit of 4177?
4
What is the hundreds digit of 4434?
4
What is the thousands digit of 18103?
8
What is the hundreds digit of 4042?
0
What is the hundreds digit of 1448?
4
What is the units digit of 1731?
1
What is the hundreds digit of 11087?
0
What is the hundreds digit of 20194?
1
What is the units digit of 43?
3
What is the units digit of 10715?
5
What is the thousands digit of 2580?
2
What is the tens digit of 1827?
2
What is the thousands digit of 10378?
0
What is the hundreds digit of 19994?
9
What is the units digit of 491?
1
What is the hundreds digit of 1511?
5
What is the units digit of 1268?
8
What is the units digit of 31?
1
What is the thousands digit of 12063?
2
What is the thousands digit of 20313?
0
What is the units digit of 7659?
9
What is the thousands digit of 45495?
5
What is the thousands digit of 1263?
1
What is the units digit of 5074?
4
What is the hundreds digit of 18017?
0
What is the ten thousands digit of 10506?
1
What is the units digit of 2123?
3
What is the tens digit of 1468?
6
What is the units digit of 752?
2
What is the hundreds digit of 570?
5
What is the hundreds digit of 27306?
3
What is the hundreds digit of 163258?
2
What is the thousands digit of 54578?
4
What is the units digit of 970?
0
What is the thousands digit of 10311?
0
What is the ten thousands digit of 11509?
1
What is the ten thousands digit of 28830?
2
What is the units digit of 861?
1
What is the hundreds digit of 3242?
2
What is the tens digit of 12713?
1
What is the thousands digit of 1242?
1
What is the hundreds digit of 38108?
1
What is the units digit of 909?
9
What is the hundreds digit of 1006?
0
What is the tens digit of 2304?
0
What is the tens digit of 590?
9
What is the thousands digit of 1961?
1
What is the units digit of 1934?
4
What is the tens digit of 119?
1
What is the units digit of 69949?
9
What is the tens digit of 173979?
7
What is the units digit of 137?
7
What is the hundreds digit of 3168?
1
What is the ten thousands digit of 29103?
2
What is the units digit of 12298?
8
What is the units digit of 701?
1
What is the units digit of 11147?
7
What is the units digit of 34?
4
What is the tens digit of 1016?
1
What is the units digit of 15159?
9
What is the hundreds digit of 782?
7
What is the units digit of 1040?
0
What is the units digit of 7616?
6
What is the hundreds digit of 683?
6
What is the hundreds digit of 10819?
8
What is the units digit of 2372?
2
What is the hundreds digit of 416?
4
What is the units digit of 803?
3
What is the thousands digit of 14120?
4
What is the units digit of 15988?
8
What is the tens digit of 376?
7
What is the tens digit of 3788?
8
What is the units digit of 1996?
6
What is the ten thousands digit of 58074?
5
What is the tens digit of 38428?
2
What is the tens digit of 101303?
0
What is the tens digit of 1009?
0
What is the tens digit of 51066?
6
What is the tens digit of 76?
7
What is the thousands digit of 39902?
9
What is the tens digit of 4890?
9
What is the tens digit of 7912?
1
What is the thousands digit of 5447?
5
What is the units digit of 1589?
9
What is the thousands digit of 1113?
1
What is the tens digit of 71364?
6
What is the thousands digit of 1004?
1
What is the tens digit of 864?
6
What is the units digit of 29902?
2
What is the units digit of 16002?
2
What is the tens digit of 1015?
1
What is the ten thousands digit of 10184?
1
What is the tens digit of 5187?
8
What is the thousands digit of 5163?
5
What is the units digit of 433?
3
What is the thousands digit of 4513?
4
What is the ten thousands digit of 21854?
2
What is the tens digit of 1390?
9
What is the tens digit of 114735?
3
What is the tens digit of 16803?
0
What is the tens digit of 9237?
3
What is the thousands digit of 17133?
7
What is the hundreds digit of 26318?
3
What is the hundreds digit of 2286?
2
What is the thousands digit of 17121?
7
What is the tens digit of 921?
2
What is the units digit of 141434?
4
What is the tens digit of 601?
0
What is the thousands digit of 4686?
4
What is the hundreds digit of 937?
9
What is the thousands digit of 25752?
5
What is the hundreds digit of 59011?
0
What is the thousands digit of 3183?
3
What is the units digit of 178?
8
What is the units digit of 32150?
0
What is the thousands digit of 2487?
2
What is the hundred thousands digit of 163114?
1
What is the hundreds digit of 449?
4
What is the hundreds digit of 5378?
3
What is the hundreds digit of 1063?
0
What is the tens digit of 5611?
1
What is the hundreds digit of 2887?
8
What is the tens digit of 63455?
5
What is the thousands digit of 2235?
2
What is the hundreds digit of 20748?
7
What is the thousands digit of 157415?
7
What is the ten thousands digit of 30029?
3
What is the hundreds digit of 8726?
7
What is the units digit of 68106?
6
What is the ten thousands digit of 19592?
1
What is the thousands digit of 28329?
8
What is the hundreds digit of 267?
2
What is the hundreds digit of 1657?
6
What is the thousands digit of 143073?
3
What is the units digit of 1064?
4
What is the units digit of 39852?
2
What is the hundreds digit of 997?
9
What is the hundreds digit of 12626?
6
What is the units digit of 5036?
6
What is the thousands digit of 12447?
2
What is the thousands digit of 5945?
5
What is the tens digit of 1586?
8
What is the units digit of 63462?
2
What is the ten thousands digit of 111506?
1
What is the hundreds digit of 1633?
6
What is the units digit of 4599?
9
What is the tens digit of 4669?
6
What is the hundreds digit of 304?
3
What is the tens digit of 683?
8
What is the tens digit of 4919?
1
What is the ten thousands digit of 15590?
1
What is the hundreds digit of 24551?
5
What is the tens digit of 6952?
5
What is the thousands digit of 87454?
7
What is the hundreds digit of 18774?
7
What is the thousands digit of 1023?
1
What is the tens digit of 179?
7
What is the tens digit of 322?
2
What is the units digit of 12860?
0
What is the hundreds digit of 25664?
6
What is the units digit of 43354?
4
What is the tens digit of 988?
8
What is the units digit of 95686?
6
What is the thousands digit of 34437?
4
What is the thousands dig